{"id":437,"date":"2017-12-28T10:10:23","date_gmt":"2017-12-28T10:10:23","guid":{"rendered":"http:\/\/www.orthodoxengland.org.uk\/oe4\/?page_id=437"},"modified":"2017-12-28T10:10:23","modified_gmt":"2017-12-28T10:10:23","slug":"le-dimanche-de-la-trinite","status":"publish","type":"page","link":"http:\/\/www.orthodoxengland.org.uk\/oe4\/le-dimanche-de-la-trinite\/","title":{"rendered":"Le Dimanche de la Trinit\u00e9"},"content":{"rendered":"<p><em>Au Nom du P\u00e8re et du Fils et du Saint Esprit.<\/em><\/p>\n<p>En ce jour, le 50\u00e8me apr\u00e8s P\u00e2ques, nous c\u00e9l\u00e9brons la f\u00eate de la Pentec\u00f4te, lorsque la pl\u00e9nitude de la Sainte Trinit\u00e9 fut r\u00e9v\u00e9l\u00e9e par la venue de la Troisi\u00e8me Personne de la Sainte Trinit\u00e9, le Saint Esprit.<\/p>\n<p>En ce jour, nous chantons que le Christ a fait devenir de simples p\u00e9cheurs des sages. Comment le Christ a-t&#8217;Il fait cela?<br \/>\nLes a-t&#8217;Il fait s&#8217;asseoir sur un banc d&#8217;\u00e9cole et a commenc\u00e9 \u00e0 les enseigner?<br \/>\nLeur a-t&#8217;Il donn\u00e9 des le\u00e7ons approfondies de philosophie grecque?<br \/>\nLeur a-t&#8217;Il donn\u00e9 une traduction d&#8217;h\u00e9breu en latin?<br \/>\nLeur a-t&#8217;Il demand\u00e9 d&#8217;apprendre par coeur une encyclop\u00e9die de th\u00e9ologie?<br \/>\nNon, bien entendu. Au contraire, Il leur a enseign\u00e9 l&#8217;humilit\u00e9 et la puret\u00e9 de coeur, et lorsqu&#8217;ils furent pr\u00eats, Il leur a envoy\u00e9 de Son P\u00e8re l&#8217;Esprit Saint. Cette humilit\u00e9 et puret\u00e9 de coeur, couronn\u00e9e par le Saint Esprit, c&#8217;est la cl\u00e9 pour comprendre, c&#8217;est la Sagesse.<\/p>\n<p>Cela explique pourquoi des gens de tr\u00e8s bonne \u00e9ducation et culture sont souvent les plus stupides, et responsables de terribles malheurs et g\u00e9nocides. C&#8217;est ainsi qu&#8217;il y a eu nombre de grands g\u00e9nies dans l&#8217;histoire du monde, et nombre d&#8217;entre eux sont devenus des dictateurs assoiff\u00e9s de sang. \u00catre instruit est une chose, mais savoir comment faire bon usage de cette instruction, \u00e7a c&#8217;est tout autre chose. C&#8217;est la signification de la sagesse. La sagesse est discernement, ou la capacit\u00e9 \u00e0 utiliser \u00e0 bon escient l&#8217;information et la connaissance. D&#8217;un autre c\u00f4t\u00e9, la signification de la stupidit\u00e9, c&#8217;est d&#8217;\u00eatre instruit et au lieu d&#8217;utiliser cette connaissance pour faire le bien, l&#8217;utiliser pour s&#8217;aveugler soi-m\u00eame, pour tomber amoureux de soi-m\u00eame, et pour \u00eatre si imbu de soi-m\u00eame que l&#8217;on est aveugle par rapport \u00e0 Dieu, et d\u00e8s lors nie l&#8217;existence m\u00eame de Dieu, qui est si \u00e9vidente au plus simple des paysans. Comme dit l&#8217;\u00c9criture : &#8220;Le fou dit en son coeur, il n&#8217;y a pas de Dieu.&#8221;<\/p>\n<p>L&#8217;orgueil aveugle, mais l&#8217;humilit\u00e9 ouvre les yeux.<br \/>\nL&#8217;orgueil met le Saint Esprit en fuite, mais l&#8217;humilit\u00e9 attire le Saint Esprit tel un aimant.<\/p>\n<p>C&#8217;est pourquoi deux hommes de m\u00eame niveau d&#8217;\u00e9ducation pourront lire les \u00c9vangile, un deviendra un croyant, et l&#8217;autre repoussera tout cela comme mythique. Le premier a l&#8217;humilit\u00e9 et la puret\u00e9 de coeur, et d\u00e8s lors ses yeux spirituels s&#8217;ouvriront. Le second a l&#8217;orgueil, et d\u00e8s lors il sera aveugl\u00e9 par cet orgueil et cette opinion personnelle, et se gonflant lui-m\u00eame, il se rendra ridicule. La compr\u00e9hension est donc relativement ind\u00e9pendante du niveau d&#8217;\u00e9ducation, mais d\u00e9pend de l&#8217;humilit\u00e9 et de la puret\u00e9 de coeur. Car il n&#8217;est pas \u00e9crit &#8220;Bienheureux les biens instruits&#8221; mais &#8220;Bienheureux les coeurs purs, car ils verront Dieu.&#8221;<\/p>\n<p>Sur base de ceci, vous remarquerez que partout o\u00f9 il y a de l&#8217;orgueil pr\u00e9sent, on trouve des opinions d\u00e9fendues avec obstination et d\u00e8s lors des divisions. Car l&#8217;orgueil m\u00e8ne \u00e0 la d\u00e9sunion, l&#8217;humilit\u00e9 \u00e0 l&#8217;unit\u00e9. C&#8217;est ce que nous chantons dans une autre hymne de ce jour, le kondakion. Nous reconnaissons qu&#8217;\u00e0 l&#8217;\u00e9poque o\u00f9 les hommes, par orgueil, construisirent la Tour de Babel, il y avait confusion des langues. Et en effet, le mot &#8220;Babel&#8221; lui-m\u00eame en est devenu synonyme de confusion. D&#8217;un autre c\u00f4t\u00e9, nous reconnaissons que parmi les humbles, le Saint Esprit amena l&#8217;unit\u00e9, et divers peuples furent capables de se comprendre malgr\u00e9 la diff\u00e9rence de langage. Pourquoi donc? Parce que les opinions et l&#8217;opini\u00e2tret\u00e9 et d\u00e8s lors les divisions sont le fruit de l&#8217;impuret\u00e9 de coeur, le fruit de l&#8217;orgueil.<br \/>\nPar exemple, nombre de gens disent de l&#8217;\u00c9glise : &#8220;Ah oui, c&#8217;est une bonne id\u00e9e, mais je ne vais pas \u00e0 l&#8217;\u00e9glise parce qu&#8217;il y a tant de divisions et de s\u00e9parations.&#8221; Mais il n&#8217;existe pas de division dans l&#8217;\u00c9glise, elles n&#8217;existent que parmi ceux qui ont rompu avec l&#8217;\u00c9glise et son Esprit, le Saint Esprit. Toutes les divisions, depuis la plus ancienne jusqu&#8217;aux plus modernes, existent \u00e0 cause de l&#8217;orgueil. Si nous examinons la moindre rupture d&#8217;avec l&#8217;\u00c9glise nous trouvons l&#8217;orgueil, soit personnel soit collectif.<\/p>\n<p>Ainsi, il y a ceux qui se s\u00e9parent de l&#8217;\u00c9glise \u00e0 cause de leur nationalit\u00e9 et langue et politique : orgueil collectif. Ils refusent d&#8217;appartenir \u00e0 la m\u00eame \u00c9glise que ceux qui sont d&#8217;une autre nationalit\u00e9 et langue et politique. Il en est ainsi des Monophysites en \u00c9gypte et Arm\u00e9nie; c&#8217;est vrai concernant les Catholiques-romains avec leur base latine raciale et culturelle; c&#8217;est vrai des Anglicans qui pr\u00e9f\u00e8rent suivre une culture protestante anglaise sp\u00e9cifique apr\u00e8s la R\u00e9forme plut\u00f4t que la culture Orthodoxe anglaise de leurs anc\u00eatres du premier Mill\u00e9naire. Et il y a tous ceux qui quittent l&#8217;\u00c9glise parce qu&#8217;ils pr\u00e9f\u00e8rent suivre un homme plut\u00f4t que Dieu. Tous ces groupes sont appel\u00e9s d&#8217;apr\u00e8s le nom de l&#8217;homme qu&#8217;ils pr\u00e9f\u00e8rent suivre, comme les Wesleyens ou les Calvinistes, les Luth\u00e9riens ou les Ariens, etc.<\/p>\n<p>Tous ces groupes, qu&#8217;ils suivent une id\u00e9ologie politique ou nationaliste ou personnelle, finissent par quitter l&#8217;\u00c9glise. Pourquoi? Parce qu&#8217;ils placent les choses de ce monde en premier, et l&#8217;Esprit en second. L\u00e0 o\u00f9 est le Saint Esprit, l\u00e0 est l&#8217;unit\u00e9. L\u00e0 o\u00f9 le Saint Esprit ne se trouve pas, il y a une id\u00e9ologie de quelque sorte que ce soit, et d\u00e8s lors la division. &#8220;C&#8217;est \u00e0 leurs fruits que vous les reconna\u00eetrez.&#8221;<\/p>\n<p>C&#8217;est pourquoi aujourd&#8217;hui les fid\u00e8les Chr\u00e9tiens Orthodoxes, membres de l&#8217;\u00c9glise, de tous les ages et de toutes les parties du monde et de toutes les nationalit\u00e9s et langues, c\u00e9l\u00e8brent ensemble la f\u00eate de la Pentec\u00f4te. Aujourd&#8217;hui nous conc\u00e9l\u00e9brons la f\u00eate avec les Ap\u00f4tres et les P\u00e8res, les Martyrs et les Confesseurs, de toutes les \u00e9poques, du pass\u00e9, du temps pr\u00e9sent et \u00e0 venir. Aujourd&#8217;hui nous conc\u00e9l\u00e9brons en remontant dans l&#8217;histoire, avec les nouveau Martyrs et Confesseurs de Russie, avec les Martyrs et Confesseurs du joug Croate, avec les Martyrs de Chine, avec les Martyrs et Confesseurs sous les Turcs, avec les Martyrs Anglais sous les Danois, tel saint Edmond, avec les Martyrs et Confesseurs d&#8217;Afrique du Nord, avec les Martyrs et Confesseurs de l&#8217;Ancienne Rome, avec les Martyrs et Confesseurs d&#8217;Asie Mineur, avec tous les Chr\u00e9tiens Orthodoxes de tous les temps. Et en ce jour, nous conc\u00e9l\u00e9brons la m\u00eame Foi avec les fid\u00e8les de nos \u00e9glises \u00e0 J\u00e9rusalem, en Alaska, en Sib\u00e9rie, en Argentine, en Ouganda, en France, \u00e0 Ath\u00e8nes, \u00e0 Tokyo, \u00e0 Lisbonne, \u00e0 Sydney, \u00e0 Bucarest, \u00e0 Ottawa, \u00e0 San Francisco. Car nous confessons la m\u00eame Foi Orthodoxe au Saint Esprit, &#8220;Qui proc\u00e8de du P\u00e8re et repose sur le Fils&#8221;, car nous confessons la m\u00eame Foi Orthodoxe au Saint Esprit, Qui apporte Sagesse et unit\u00e9 partout o\u00f9 il y a humilit\u00e9 et puret\u00e9 de coeur.<\/p>\n<p>Amen.<\/p>\n","protected":false},"excerpt":{"rendered":"<p>Au Nom du P\u00e8re et du Fils et du Saint Esprit. En ce jour, le 50\u00e8me apr\u00e8s P\u00e2ques, nous c\u00e9l\u00e9brons la f\u00eate de la Pentec\u00f4te, lorsque la pl\u00e9nitude de la Sainte Trinit\u00e9 fut r\u00e9v\u00e9l\u00e9e par la venue de la Troisi\u00e8me Personne de la Sainte Trinit\u00e9, le Saint Esprit. En ce jour, nous chantons que le &hellip; <\/p>\n<p class=\"link-more\"><a href=\"http:\/\/www.orthodoxengland.org.uk\/oe4\/le-dimanche-de-la-trinite\/\" class=\"more-link\">Continue reading<span class=\"screen-reader-text\"> &#8220;Le Dimanche de la Trinit\u00e9&#8221;<\/span><\/a><\/p>\n","protected":false},"author":1,"featured_media":0,"parent":0,"menu_order":0,"comment_status":"closed","ping_status":"closed","template":"","meta":{"footnotes":""},"class_list":["post-437","page","type-page","status-publish","hentry"],"_links":{"self":[{"href":"http:\/\/www.orthodoxengland.org.uk\/oe4\/wp-json\/wp\/v2\/pages\/437","targetHints":{"allow":["GET"]}}],"collection":[{"href":"http:\/\/www.orthodoxengland.org.uk\/oe4\/wp-json\/wp\/v2\/pages"}],"about":[{"href":"http:\/\/www.orthodoxengland.org.uk\/oe4\/wp-json\/wp\/v2\/types\/page"}],"author":[{"embeddable":true,"href":"http:\/\/www.orthodoxengland.org.uk\/oe4\/wp-json\/wp\/v2\/users\/1"}],"replies":[{"embeddable":true,"href":"http:\/\/www.orthodoxengland.org.uk\/oe4\/wp-json\/wp\/v2\/comments?post=437"}],"version-history":[{"count":1,"href":"http:\/\/www.orthodoxengland.org.uk\/oe4\/wp-json\/wp\/v2\/pages\/437\/revisions"}],"predecessor-version":[{"id":438,"href":"http:\/\/www.orthodoxengland.org.uk\/oe4\/wp-json\/wp\/v2\/pages\/437\/revisions\/438"}],"wp:attachment":[{"href":"http:\/\/www.orthodoxengland.org.uk\/oe4\/wp-json\/wp\/v2\/media?parent=437"}],"curies":[{"name":"wp","href":"https:\/\/api.w.org\/{rel}","templated":true}]}}